{"id":2651,"date":"2025-12-21T13:57:10","date_gmt":"2025-12-21T11:57:10","guid":{"rendered":"https:\/\/casino-bk-site34.top\/?page_id=2651"},"modified":"2025-12-21T13:57:10","modified_gmt":"2025-12-21T11:57:10","slug":"sorumlu-oyun-oynama","status":"publish","type":"page","link":"https:\/\/casino-bk-site34.top\/tr\/sorumlu-oyun-oynama\/","title":{"rendered":"Sorumlu Oyun Oynama"},"content":{"rendered":"<h1>Sorumlu Oyun Oynaman\u0131n Temel \u0130lkeleri<\/h1>\n<h2>Bilin\u00e7li Karar Verme<\/h2>\n<p>Sorumlu oyun oynamak, kullan\u0131c\u0131lar\u0131 eylemlerinin, duygusal tepkilerinin ve kararlar\u0131n al\u0131nd\u0131\u011f\u0131 ortam\u0131n fark\u0131nda olmaya te\u015fvik eder.<\/p>\n<h2>Zaman Y\u00f6netimi<\/h2>\n<p>Ki\u015fisel s\u0131n\u0131rlar belirlemek, planl\u0131 molalar vermek ve uzun s\u00fcreli gece oyunlar\u0131ndan ka\u00e7\u0131nmak, genel dijital refah\u0131 art\u0131r\u0131r.<\/p>\n<h2>Finansal Fark\u0131ndal\u0131k<\/h2>\n<p>\u00d6nceden belirlenmi\u015f harcama limitleri, d\u00fcrt\u00fcsel kararlardan ka\u00e7\u0131nmak ve kay\u0131plar\u0131 telafi etmeye \u00e7al\u0131\u015fmaktan ka\u00e7\u0131nmak, istikrarl\u0131 bir finansal \u00e7er\u00e7eve olu\u015fturur.<\/p>\n<h2>Duygusal D\u00fczenleme<\/h2>\n<p>Hayal k\u0131r\u0131kl\u0131\u011f\u0131, stres veya yorgunlu\u011fu tan\u0131mak, kullan\u0131c\u0131lar\u0131n yanl\u0131\u015f kararlardan ka\u00e7\u0131nmas\u0131na ve kontrol\u00fc elinde tutmas\u0131na yard\u0131mc\u0131 olur.<\/p>\n<h2>G\u00fcvenli Dijital Uygulamalar<\/h2>\n<p>Ki\u015fisel verileri korumak, g\u00fcvenli ba\u011flant\u0131lar kullanmak ve yaln\u0131zca g\u00fcvenilir dijital ortamlarla etkile\u015fimde bulunmak, sorumlu oyun oynaman\u0131n temel bile\u015fenleridir.<\/p>\n","protected":false},"excerpt":{"rendered":"<p>Sorumlu Oyun Oynaman\u0131n Temel \u0130lkeleri Bilin\u00e7li Karar Verme Sorumlu oyun oynamak, kullan\u0131c\u0131lar\u0131 eylemlerinin, duygusal tepkilerinin ve kararlar\u0131n al\u0131nd\u0131\u011f\u0131 ortam\u0131n fark\u0131nda olmaya te\u015fvik eder. Zaman Y\u00f6netimi Ki\u015fisel s\u0131n\u0131rlar belirlemek, planl\u0131 molalar vermek ve uzun s\u00fcreli gece oyunlar\u0131ndan ka\u00e7\u0131nmak, genel dijital refah\u0131 art\u0131r\u0131r. Finansal Fark\u0131ndal\u0131k \u00d6nceden belirlenmi\u015f harcama limitleri, d\u00fcrt\u00fcsel kararlardan ka\u00e7\u0131nmak ve kay\u0131plar\u0131 telafi etmeye \u00e7al\u0131\u015fmaktan [&hellip;]<\/p>\n","protected":false},"author":1,"featured_media":0,"parent":0,"menu_order":0,"comment_status":"closed","ping_status":"closed","template":"","meta":{"_acf_changed":false,"footnotes":""},"class_list":["post-2651","page","type-page","status-publish","hentry"],"acf":[],"yoast_head":"<!-- This site is optimized with the Yoast SEO plugin v27.0 - https:\/\/yoast.com\/product\/yoast-seo-wordpress\/ -->\n<title>Sorumlu Oyun Oynama \u2014 G\u00fcvenli, Dengeli ve Bilin\u00e7li Dijital Davran\u0131\u015f<\/title>\n<meta name=\"description\" content=\"Duygusal fark\u0131ndal\u0131k, zaman s\u0131n\u0131rlamalar\u0131 ve finansal disiplin, sorumlu oyun oynaman\u0131n temelleridir.\" \/>\n<meta name=\"robots\" content=\"index, follow, max-snippet:-1, max-image-preview:large, max-video-preview:-1\" \/>\n<link rel=\"canonical\" href=\"https:\/\/casino-bk-site34.top\/tr\/sorumlu-oyun-oynama\/\" \/>\n<meta property=\"og:locale\" content=\"ru_RU\" \/>\n<meta property=\"og:type\" content=\"article\" \/>\n<meta property=\"og:title\" content=\"Sorumlu Oyun Oynama \u2014 G\u00fcvenli, Dengeli ve Bilin\u00e7li Dijital Davran\u0131\u015f\" \/>\n<meta property=\"og:description\" content=\"Duygusal fark\u0131ndal\u0131k, zaman s\u0131n\u0131rlamalar\u0131 ve finansal disiplin, sorumlu oyun oynaman\u0131n temelleridir.\" \/>\n<meta property=\"og:url\" content=\"https:\/\/casino-bk-site34.top\/tr\/sorumlu-oyun-oynama\/\" \/>\n<meta property=\"og:site_name\" content=\"casino-bk-site34.top\" \/>\n<meta name=\"twitter:card\" content=\"summary_large_image\" \/>\n<meta name=\"twitter:label1\" content=\"\u041f\u0440\u0438\u043c\u0435\u0440\u043d\u043e\u0435 \u0432\u0440\u0435\u043c\u044f \u0434\u043b\u044f \u0447\u0442\u0435\u043d\u0438\u044f\" \/>\n\t<meta name=\"twitter:data1\" content=\"1 \u043c\u0438\u043d\u0443\u0442\u0430\" \/>\n<script type=\"application\/ld+json\" class=\"yoast-schema-graph\">{\"@context\":\"https:\/\/schema.org\",\"@graph\":[{\"@type\":\"WebPage\",\"@id\":\"https:\/\/casino-bk-site34.top\/tr\/sorumlu-oyun-oynama\/\",\"url\":\"https:\/\/casino-bk-site34.top\/tr\/sorumlu-oyun-oynama\/\",\"name\":\"Sorumlu Oyun Oynama \u2014 G\u00fcvenli, Dengeli ve Bilin\u00e7li Dijital Davran\u0131\u015f\",\"isPartOf\":{\"@id\":\"https:\/\/casino-bk-site34.top\/#website\"},\"datePublished\":\"2025-12-21T11:57:10+00:00\",\"description\":\"Duygusal fark\u0131ndal\u0131k, zaman s\u0131n\u0131rlamalar\u0131 ve finansal disiplin, sorumlu oyun oynaman\u0131n temelleridir.\",\"breadcrumb\":{\"@id\":\"https:\/\/casino-bk-site34.top\/tr\/sorumlu-oyun-oynama\/#breadcrumb\"},\"inLanguage\":\"ru-RU\",\"potentialAction\":[{\"@type\":\"ReadAction\",\"target\":[\"https:\/\/casino-bk-site34.top\/tr\/sorumlu-oyun-oynama\/\"]}]},{\"@type\":\"BreadcrumbList\",\"@id\":\"https:\/\/casino-bk-site34.top\/tr\/sorumlu-oyun-oynama\/#breadcrumb\",\"itemListElement\":[{\"@type\":\"ListItem\",\"position\":1,\"name\":\"\u0413\u043b\u0430\u0432\u043d\u0430\u044f \u0441\u0442\u0440\u0430\u043d\u0438\u0446\u0430\",\"item\":\"https:\/\/casino-bk-site34.top\/ru\/\"},{\"@type\":\"ListItem\",\"position\":2,\"name\":\"Sorumlu Oyun Oynama\"}]},{\"@type\":\"WebSite\",\"@id\":\"https:\/\/casino-bk-site34.top\/#website\",\"url\":\"https:\/\/casino-bk-site34.top\/\",\"name\":\"casino-bk-site34.top\",\"description\":\"\",\"publisher\":{\"@id\":\"https:\/\/casino-bk-site34.top\/#organization\"},\"potentialAction\":[{\"@type\":\"SearchAction\",\"target\":{\"@type\":\"EntryPoint\",\"urlTemplate\":\"https:\/\/casino-bk-site34.top\/?s={search_term_string}\"},\"query-input\":{\"@type\":\"PropertyValueSpecification\",\"valueRequired\":true,\"valueName\":\"search_term_string\"}}],\"inLanguage\":\"ru-RU\"},{\"@type\":\"Organization\",\"@id\":\"https:\/\/casino-bk-site34.top\/#organization\",\"name\":\"casino-bk-site34.top\",\"url\":\"https:\/\/casino-bk-site34.top\/\",\"logo\":{\"@type\":\"ImageObject\",\"inLanguage\":\"ru-RU\",\"@id\":\"https:\/\/casino-bk-site34.top\/#\/schema\/logo\/image\/\",\"url\":\"https:\/\/casino-bk-site34.top\/wp-content\/uploads\/2025\/11\/cropped-favicon-2.webp\",\"contentUrl\":\"https:\/\/casino-bk-site34.top\/wp-content\/uploads\/2025\/11\/cropped-favicon-2.webp\",\"width\":512,\"height\":512,\"caption\":\"casino-bk-site34.top\"},\"image\":{\"@id\":\"https:\/\/casino-bk-site34.top\/#\/schema\/logo\/image\/\"}}]}<\/script>\n<!-- \/ Yoast SEO plugin. -->","yoast_head_json":{"title":"Sorumlu Oyun Oynama \u2014 G\u00fcvenli, Dengeli ve Bilin\u00e7li Dijital Davran\u0131\u015f","description":"Duygusal fark\u0131ndal\u0131k, zaman s\u0131n\u0131rlamalar\u0131 ve finansal disiplin, sorumlu oyun oynaman\u0131n temelleridir.","robots":{"index":"index","follow":"follow","max-snippet":"max-snippet:-1","max-image-preview":"max-image-preview:large","max-video-preview":"max-video-preview:-1"},"canonical":"https:\/\/casino-bk-site34.top\/tr\/sorumlu-oyun-oynama\/","og_locale":"ru_RU","og_type":"article","og_title":"Sorumlu Oyun Oynama \u2014 G\u00fcvenli, Dengeli ve Bilin\u00e7li Dijital Davran\u0131\u015f","og_description":"Duygusal fark\u0131ndal\u0131k, zaman s\u0131n\u0131rlamalar\u0131 ve finansal disiplin, sorumlu oyun oynaman\u0131n temelleridir.","og_url":"https:\/\/casino-bk-site34.top\/tr\/sorumlu-oyun-oynama\/","og_site_name":"casino-bk-site34.top","twitter_card":"summary_large_image","twitter_misc":{"\u041f\u0440\u0438\u043c\u0435\u0440\u043d\u043e\u0435 \u0432\u0440\u0435\u043c\u044f \u0434\u043b\u044f \u0447\u0442\u0435\u043d\u0438\u044f":"1 \u043c\u0438\u043d\u0443\u0442\u0430"},"schema":{"@context":"https:\/\/schema.org","@graph":[{"@type":"WebPage","@id":"https:\/\/casino-bk-site34.top\/tr\/sorumlu-oyun-oynama\/","url":"https:\/\/casino-bk-site34.top\/tr\/sorumlu-oyun-oynama\/","name":"Sorumlu Oyun Oynama \u2014 G\u00fcvenli, Dengeli ve Bilin\u00e7li Dijital Davran\u0131\u015f","isPartOf":{"@id":"https:\/\/casino-bk-site34.top\/#website"},"datePublished":"2025-12-21T11:57:10+00:00","description":"Duygusal fark\u0131ndal\u0131k, zaman s\u0131n\u0131rlamalar\u0131 ve finansal disiplin, sorumlu oyun oynaman\u0131n temelleridir.","breadcrumb":{"@id":"https:\/\/casino-bk-site34.top\/tr\/sorumlu-oyun-oynama\/#breadcrumb"},"inLanguage":"ru-RU","potentialAction":[{"@type":"ReadAction","target":["https:\/\/casino-bk-site34.top\/tr\/sorumlu-oyun-oynama\/"]}]},{"@type":"BreadcrumbList","@id":"https:\/\/casino-bk-site34.top\/tr\/sorumlu-oyun-oynama\/#breadcrumb","itemListElement":[{"@type":"ListItem","position":1,"name":"\u0413\u043b\u0430\u0432\u043d\u0430\u044f \u0441\u0442\u0440\u0430\u043d\u0438\u0446\u0430","item":"https:\/\/casino-bk-site34.top\/ru\/"},{"@type":"ListItem","position":2,"name":"Sorumlu Oyun Oynama"}]},{"@type":"WebSite","@id":"https:\/\/casino-bk-site34.top\/#website","url":"https:\/\/casino-bk-site34.top\/","name":"casino-bk-site34.top","description":"","publisher":{"@id":"https:\/\/casino-bk-site34.top\/#organization"},"potentialAction":[{"@type":"SearchAction","target":{"@type":"EntryPoint","urlTemplate":"https:\/\/casino-bk-site34.top\/?s={search_term_string}"},"query-input":{"@type":"PropertyValueSpecification","valueRequired":true,"valueName":"search_term_string"}}],"inLanguage":"ru-RU"},{"@type":"Organization","@id":"https:\/\/casino-bk-site34.top\/#organization","name":"casino-bk-site34.top","url":"https:\/\/casino-bk-site34.top\/","logo":{"@type":"ImageObject","inLanguage":"ru-RU","@id":"https:\/\/casino-bk-site34.top\/#\/schema\/logo\/image\/","url":"https:\/\/casino-bk-site34.top\/wp-content\/uploads\/2025\/11\/cropped-favicon-2.webp","contentUrl":"https:\/\/casino-bk-site34.top\/wp-content\/uploads\/2025\/11\/cropped-favicon-2.webp","width":512,"height":512,"caption":"casino-bk-site34.top"},"image":{"@id":"https:\/\/casino-bk-site34.top\/#\/schema\/logo\/image\/"}}]}},"amp_enabled":true,"_links":{"self":[{"href":"https:\/\/casino-bk-site34.top\/wp-json\/wp\/v2\/pages\/2651","targetHints":{"allow":["GET"]}}],"collection":[{"href":"https:\/\/casino-bk-site34.top\/wp-json\/wp\/v2\/pages"}],"about":[{"href":"https:\/\/casino-bk-site34.top\/wp-json\/wp\/v2\/types\/page"}],"author":[{"embeddable":true,"href":"https:\/\/casino-bk-site34.top\/wp-json\/wp\/v2\/users\/1"}],"replies":[{"embeddable":true,"href":"https:\/\/casino-bk-site34.top\/wp-json\/wp\/v2\/comments?post=2651"}],"version-history":[{"count":1,"href":"https:\/\/casino-bk-site34.top\/wp-json\/wp\/v2\/pages\/2651\/revisions"}],"predecessor-version":[{"id":2652,"href":"https:\/\/casino-bk-site34.top\/wp-json\/wp\/v2\/pages\/2651\/revisions\/2652"}],"wp:attachment":[{"href":"https:\/\/casino-bk-site34.top\/wp-json\/wp\/v2\/media?parent=2651"}],"curies":[{"name":"wp","href":"https:\/\/api.w.org\/{rel}","templated":true}]}}