{"id":2653,"date":"2025-12-21T13:58:21","date_gmt":"2025-12-21T11:58:21","guid":{"rendered":"https:\/\/casino-bk-site34.top\/?page_id=2653"},"modified":"2025-12-21T13:58:21","modified_gmt":"2025-12-21T11:58:21","slug":"veri-toplama-ve-isleme","status":"publish","type":"page","link":"https:\/\/casino-bk-site34.top\/tr\/veri-toplama-ve-isleme\/","title":{"rendered":"Veri Toplama ve \u0130\u015fleme"},"content":{"rendered":"<h1>Veri Toplama ve \u0130\u015fleme<\/h1>\n<h2>Toplanan Bilgiler<\/h2>\n<p> Performans\u0131 art\u0131rmak i\u00e7in cihaz verileri, IP adresi, taray\u0131c\u0131 bilgileri, oturum davran\u0131\u015f\u0131 ve destek etkile\u015fimleri kaydedilebilir.<\/p>\n<h2>\u0130\u015fleme Amac\u0131<\/h2>\n<p> \u0130stikrar\u0131 art\u0131rmak, hatalar\u0131 tespit etmek, gezinmeyi iyile\u015ftirmek ve dijital g\u00fcvenli\u011fi art\u0131rmak.<\/p>\n<h2>Veri Koruma Y\u00f6ntemleri<\/h2>\n<p> \u015eifreleme, eri\u015fim k\u0131s\u0131tlamas\u0131, izleme ve d\u00fczenli g\u00fcvenlik g\u00fcncellemeleri ki\u015fisel bilgilerin g\u00fcvenli\u011fini sa\u011flar.<\/p>\n<h2>Kullan\u0131c\u0131 Haklar\u0131<\/h2>\n<p> Kullan\u0131c\u0131lar verilerine eri\u015fim, d\u00fczeltme veya silme talebinde bulunabilir ve i\u015fleme ile ilgili a\u00e7\u0131klama isteyebilirler.<\/p>\n","protected":false},"excerpt":{"rendered":"<p>Veri Toplama ve \u0130\u015fleme Toplanan Bilgiler Performans\u0131 art\u0131rmak i\u00e7in cihaz verileri, IP adresi, taray\u0131c\u0131 bilgileri, oturum davran\u0131\u015f\u0131 ve destek etkile\u015fimleri kaydedilebilir. \u0130\u015fleme Amac\u0131 \u0130stikrar\u0131 art\u0131rmak, hatalar\u0131 tespit etmek, gezinmeyi iyile\u015ftirmek ve dijital g\u00fcvenli\u011fi art\u0131rmak. Veri Koruma Y\u00f6ntemleri \u015eifreleme, eri\u015fim k\u0131s\u0131tlamas\u0131, izleme ve d\u00fczenli g\u00fcvenlik g\u00fcncellemeleri ki\u015fisel bilgilerin g\u00fcvenli\u011fini sa\u011flar. Kullan\u0131c\u0131 Haklar\u0131 Kullan\u0131c\u0131lar verilerine eri\u015fim, d\u00fczeltme [&hellip;]<\/p>\n","protected":false},"author":1,"featured_media":0,"parent":0,"menu_order":0,"comment_status":"closed","ping_status":"closed","template":"","meta":{"_acf_changed":false,"footnotes":""},"class_list":["post-2653","page","type-page","status-publish","hentry"],"acf":[],"yoast_head":"<!-- This site is optimized with the Yoast SEO plugin v27.0 - https:\/\/yoast.com\/product\/yoast-seo-wordpress\/ -->\n<title>Gizlilik Politikas\u0131 \u2014 \u015eeffaf Veri \u0130\u015fleme ve Koruma<\/title>\n<meta name=\"description\" content=\"Kullan\u0131c\u0131 bilgilerinin nas\u0131l topland\u0131\u011f\u0131, i\u015flendi\u011fi ve korundu\u011funa dair ayr\u0131nt\u0131l\u0131 a\u00e7\u0131klama\" \/>\n<meta name=\"robots\" content=\"index, follow, max-snippet:-1, max-image-preview:large, max-video-preview:-1\" \/>\n<link rel=\"canonical\" href=\"https:\/\/casino-bk-site34.top\/tr\/veri-toplama-ve-isleme\/\" \/>\n<meta property=\"og:locale\" content=\"ru_RU\" \/>\n<meta property=\"og:type\" content=\"article\" \/>\n<meta property=\"og:title\" content=\"Gizlilik Politikas\u0131 \u2014 \u015eeffaf Veri \u0130\u015fleme ve Koruma\" \/>\n<meta property=\"og:description\" content=\"Kullan\u0131c\u0131 bilgilerinin nas\u0131l topland\u0131\u011f\u0131, i\u015flendi\u011fi ve korundu\u011funa dair ayr\u0131nt\u0131l\u0131 a\u00e7\u0131klama\" \/>\n<meta property=\"og:url\" content=\"https:\/\/casino-bk-site34.top\/tr\/veri-toplama-ve-isleme\/\" \/>\n<meta property=\"og:site_name\" content=\"casino-bk-site34.top\" \/>\n<meta name=\"twitter:card\" content=\"summary_large_image\" \/>\n<script type=\"application\/ld+json\" class=\"yoast-schema-graph\">{\"@context\":\"https:\/\/schema.org\",\"@graph\":[{\"@type\":\"WebPage\",\"@id\":\"https:\/\/casino-bk-site34.top\/tr\/veri-toplama-ve-isleme\/\",\"url\":\"https:\/\/casino-bk-site34.top\/tr\/veri-toplama-ve-isleme\/\",\"name\":\"Gizlilik Politikas\u0131 \u2014 \u015eeffaf Veri \u0130\u015fleme ve Koruma\",\"isPartOf\":{\"@id\":\"https:\/\/casino-bk-site34.top\/#website\"},\"datePublished\":\"2025-12-21T11:58:21+00:00\",\"description\":\"Kullan\u0131c\u0131 bilgilerinin nas\u0131l topland\u0131\u011f\u0131, i\u015flendi\u011fi ve korundu\u011funa dair ayr\u0131nt\u0131l\u0131 a\u00e7\u0131klama\",\"breadcrumb\":{\"@id\":\"https:\/\/casino-bk-site34.top\/tr\/veri-toplama-ve-isleme\/#breadcrumb\"},\"inLanguage\":\"ru-RU\",\"potentialAction\":[{\"@type\":\"ReadAction\",\"target\":[\"https:\/\/casino-bk-site34.top\/tr\/veri-toplama-ve-isleme\/\"]}]},{\"@type\":\"BreadcrumbList\",\"@id\":\"https:\/\/casino-bk-site34.top\/tr\/veri-toplama-ve-isleme\/#breadcrumb\",\"itemListElement\":[{\"@type\":\"ListItem\",\"position\":1,\"name\":\"\u0413\u043b\u0430\u0432\u043d\u0430\u044f \u0441\u0442\u0440\u0430\u043d\u0438\u0446\u0430\",\"item\":\"https:\/\/casino-bk-site34.top\/ru\/\"},{\"@type\":\"ListItem\",\"position\":2,\"name\":\"Veri Toplama ve \u0130\u015fleme\"}]},{\"@type\":\"WebSite\",\"@id\":\"https:\/\/casino-bk-site34.top\/#website\",\"url\":\"https:\/\/casino-bk-site34.top\/\",\"name\":\"casino-bk-site34.top\",\"description\":\"\",\"publisher\":{\"@id\":\"https:\/\/casino-bk-site34.top\/#organization\"},\"potentialAction\":[{\"@type\":\"SearchAction\",\"target\":{\"@type\":\"EntryPoint\",\"urlTemplate\":\"https:\/\/casino-bk-site34.top\/?s={search_term_string}\"},\"query-input\":{\"@type\":\"PropertyValueSpecification\",\"valueRequired\":true,\"valueName\":\"search_term_string\"}}],\"inLanguage\":\"ru-RU\"},{\"@type\":\"Organization\",\"@id\":\"https:\/\/casino-bk-site34.top\/#organization\",\"name\":\"casino-bk-site34.top\",\"url\":\"https:\/\/casino-bk-site34.top\/\",\"logo\":{\"@type\":\"ImageObject\",\"inLanguage\":\"ru-RU\",\"@id\":\"https:\/\/casino-bk-site34.top\/#\/schema\/logo\/image\/\",\"url\":\"https:\/\/casino-bk-site34.top\/wp-content\/uploads\/2025\/11\/cropped-favicon-2.webp\",\"contentUrl\":\"https:\/\/casino-bk-site34.top\/wp-content\/uploads\/2025\/11\/cropped-favicon-2.webp\",\"width\":512,\"height\":512,\"caption\":\"casino-bk-site34.top\"},\"image\":{\"@id\":\"https:\/\/casino-bk-site34.top\/#\/schema\/logo\/image\/\"}}]}<\/script>\n<!-- \/ Yoast SEO plugin. -->","yoast_head_json":{"title":"Gizlilik Politikas\u0131 \u2014 \u015eeffaf Veri \u0130\u015fleme ve Koruma","description":"Kullan\u0131c\u0131 bilgilerinin nas\u0131l topland\u0131\u011f\u0131, i\u015flendi\u011fi ve korundu\u011funa dair ayr\u0131nt\u0131l\u0131 a\u00e7\u0131klama","robots":{"index":"index","follow":"follow","max-snippet":"max-snippet:-1","max-image-preview":"max-image-preview:large","max-video-preview":"max-video-preview:-1"},"canonical":"https:\/\/casino-bk-site34.top\/tr\/veri-toplama-ve-isleme\/","og_locale":"ru_RU","og_type":"article","og_title":"Gizlilik Politikas\u0131 \u2014 \u015eeffaf Veri \u0130\u015fleme ve Koruma","og_description":"Kullan\u0131c\u0131 bilgilerinin nas\u0131l topland\u0131\u011f\u0131, i\u015flendi\u011fi ve korundu\u011funa dair ayr\u0131nt\u0131l\u0131 a\u00e7\u0131klama","og_url":"https:\/\/casino-bk-site34.top\/tr\/veri-toplama-ve-isleme\/","og_site_name":"casino-bk-site34.top","twitter_card":"summary_large_image","schema":{"@context":"https:\/\/schema.org","@graph":[{"@type":"WebPage","@id":"https:\/\/casino-bk-site34.top\/tr\/veri-toplama-ve-isleme\/","url":"https:\/\/casino-bk-site34.top\/tr\/veri-toplama-ve-isleme\/","name":"Gizlilik Politikas\u0131 \u2014 \u015eeffaf Veri \u0130\u015fleme ve Koruma","isPartOf":{"@id":"https:\/\/casino-bk-site34.top\/#website"},"datePublished":"2025-12-21T11:58:21+00:00","description":"Kullan\u0131c\u0131 bilgilerinin nas\u0131l topland\u0131\u011f\u0131, i\u015flendi\u011fi ve korundu\u011funa dair ayr\u0131nt\u0131l\u0131 a\u00e7\u0131klama","breadcrumb":{"@id":"https:\/\/casino-bk-site34.top\/tr\/veri-toplama-ve-isleme\/#breadcrumb"},"inLanguage":"ru-RU","potentialAction":[{"@type":"ReadAction","target":["https:\/\/casino-bk-site34.top\/tr\/veri-toplama-ve-isleme\/"]}]},{"@type":"BreadcrumbList","@id":"https:\/\/casino-bk-site34.top\/tr\/veri-toplama-ve-isleme\/#breadcrumb","itemListElement":[{"@type":"ListItem","position":1,"name":"\u0413\u043b\u0430\u0432\u043d\u0430\u044f \u0441\u0442\u0440\u0430\u043d\u0438\u0446\u0430","item":"https:\/\/casino-bk-site34.top\/ru\/"},{"@type":"ListItem","position":2,"name":"Veri Toplama ve \u0130\u015fleme"}]},{"@type":"WebSite","@id":"https:\/\/casino-bk-site34.top\/#website","url":"https:\/\/casino-bk-site34.top\/","name":"casino-bk-site34.top","description":"","publisher":{"@id":"https:\/\/casino-bk-site34.top\/#organization"},"potentialAction":[{"@type":"SearchAction","target":{"@type":"EntryPoint","urlTemplate":"https:\/\/casino-bk-site34.top\/?s={search_term_string}"},"query-input":{"@type":"PropertyValueSpecification","valueRequired":true,"valueName":"search_term_string"}}],"inLanguage":"ru-RU"},{"@type":"Organization","@id":"https:\/\/casino-bk-site34.top\/#organization","name":"casino-bk-site34.top","url":"https:\/\/casino-bk-site34.top\/","logo":{"@type":"ImageObject","inLanguage":"ru-RU","@id":"https:\/\/casino-bk-site34.top\/#\/schema\/logo\/image\/","url":"https:\/\/casino-bk-site34.top\/wp-content\/uploads\/2025\/11\/cropped-favicon-2.webp","contentUrl":"https:\/\/casino-bk-site34.top\/wp-content\/uploads\/2025\/11\/cropped-favicon-2.webp","width":512,"height":512,"caption":"casino-bk-site34.top"},"image":{"@id":"https:\/\/casino-bk-site34.top\/#\/schema\/logo\/image\/"}}]}},"amp_enabled":true,"_links":{"self":[{"href":"https:\/\/casino-bk-site34.top\/wp-json\/wp\/v2\/pages\/2653","targetHints":{"allow":["GET"]}}],"collection":[{"href":"https:\/\/casino-bk-site34.top\/wp-json\/wp\/v2\/pages"}],"about":[{"href":"https:\/\/casino-bk-site34.top\/wp-json\/wp\/v2\/types\/page"}],"author":[{"embeddable":true,"href":"https:\/\/casino-bk-site34.top\/wp-json\/wp\/v2\/users\/1"}],"replies":[{"embeddable":true,"href":"https:\/\/casino-bk-site34.top\/wp-json\/wp\/v2\/comments?post=2653"}],"version-history":[{"count":1,"href":"https:\/\/casino-bk-site34.top\/wp-json\/wp\/v2\/pages\/2653\/revisions"}],"predecessor-version":[{"id":2654,"href":"https:\/\/casino-bk-site34.top\/wp-json\/wp\/v2\/pages\/2653\/revisions\/2654"}],"wp:attachment":[{"href":"https:\/\/casino-bk-site34.top\/wp-json\/wp\/v2\/media?parent=2653"}],"curies":[{"name":"wp","href":"https:\/\/api.w.org\/{rel}","templated":true}]}}